 p be v(9). Let x be p/(-6)*27/m. Calculate the highest common divisor of x and 1.
1
Suppose 0*a = -4*a + 16, -4*p + 4*a - 296 = 0. Suppose -3*s + 5*s + 136 = 0. Let u be (s/(-10))/((-14)/p). What is the greatest common factor of u and 17?
17
Let d = 190 + -69. Let z be (22 + -11)/(3/3). Calculate the highest common factor of z and d.
11
Suppose -2*y = -2540 + 2400. Suppose -9*o = -7*o - 350. What is the greatest common factor of o and y?
35
Let v = -1959 + 1997. What is the highest common divisor of v and 437?
19
Suppose 95 = -3*w + 8*w. Let g be 1 - (-16)/12*213. Suppose 3*n + 0*n - g = 0. Calculate the greatest common divisor of w and n.
19
Let h(n) = -n + 30. Let w be h(-9). Suppose -4*t = -3*v - t + w, -5*v - 5*t + 45 = 0. What is the greatest common factor of v and 121?
11
Let a be (0 - (-1)/(-1))/((-4)/(-8)). Let s be a*(-2109)/30 + (-6)/10. What is the highest common factor of s and 40?
20
Let x be 3/(12/8) - -14. Suppose -5*i = -104 - x. Suppose 0 = -4*k + 61 - 13. Calculate the greatest common divisor of k and i.
12
Suppose m = 4*m, -2*b - 5*m + 6 = -68. Let z(y) = -12*y + 1. Let q be z(-3). Calculate the highest common factor of q and b.
37
Suppose -4*o = 2*g + g + 30, 2*g + 5 = -o. Let r = -9 - o. Suppose -2*f + 8 = r, 5*s + 2*f + f = 87. Calculate the highest common divisor of 105 and s.
15
Let u(m) = -132*m - 99. Let z be u(-4). What is the highest common factor of 22 and z?
11
Let d be 20 + -3 + (6 - 3). Let a = 10 - 4. Let w be a/(-4) - 38/(-4). What is the greatest common divisor of d and w?
4
Suppose 0 = 5*t - g - 29, 2*g = -5*t + 8 + 9. Suppose 5 = 5*j - t*d, -6*j + 2*j + 2*d + 4 = 0. What is the greatest common factor of 10 and j?
1
Let r(f) = 38*f + 22. Let u be r(9). Suppose 4*z - u = 4*d - 3*d, 3*d + 91 = z. Calculate the highest common divisor of 13 and z.
13
Let z = 1091 - 467. What is the highest common divisor of 48 and z?
48
Let n be -9*9/(-27) - (-22 + -2). What is the highest common divisor of n and 117?
9
Let u = 172 - 171. What is the highest common divisor of u and 1?
1
Let x = 25 - 26. Let f be 195/5 + (3 - (1 + x)). Calculate the greatest common factor of 105 and f.
21
Let m(c) = -4*c**2 + 74*c - 30. Let w be m(18). Let p be (0 + 69)*(-4)/(-12). Suppose p = 4*h - 1. What is the highest common divisor of h and w?
6
Let b(a) = -a**3 + 8*a**2 + 2*a - 10. Let h be b(8). Let f = 2 + h. Suppose f*j + 10 = 9*j. What is the highest common divisor of j and 4?
2
Let b be (-1030)/(2/(-8) + 56/(-32)). Calculate the greatest common factor of 5 and b.
5
Let t(r) = -2*r + 2. Let l be (-1)/(-4) - 6/24. Let h be t(l). Suppose 0 = -4*s - 4, -3*s - 27 = -2*m + h. Calculate the highest common divisor of m and 26.
13
Let s(y) = -5*y**2 + 1 - y**3 + 9*y - 14 + 10*y**2. Let j be s(6). Let p = j - -1. Calculate the greatest common factor of 54 and p.
6
Let p = -34 - -27. Let j(c) = -6*c - 17. Let h be j(p). What is the greatest common factor of 200 and h?
25
Let a(p) = -2*p - 1. Let s(h) = 97*h - 29. Let r(f) = -3*a(f) - s(f). Let k be r(-4). What is the highest common divisor of 36 and k?
36
Let u = -79 - 766. Let f be u/(-26) + (-1)/(-2). Suppose 3*r = -5*p + 4*r + 10, 0 = -5*p + 5*r - 10. Calculate the greatest common divisor of p and f.
3
Suppose 15*y - 3505 = -55. What is the greatest common factor of y and 30?
10
Suppose q + i = -4, -17 = -4*i + 3. Let s = 21 + q. Calculate the greatest common divisor of s and 8.
4
Suppose 0 = 18*w - 15*w + 36. Let f(m) = -m - 7. Let c be f(w). Suppose -2*l - 69 = -c*l. Calculate the highest common factor of 207 and l.
23
Suppose 6*b = 3*b + 195. Suppose -v + 26 = h, -v + 97 - 201 = -4*h. What is the greatest common divisor of h and b?
13
Let l(i) = -i**3 - 2*i**2 - 11*i - 30. Let d be l(-4). Calculate the greatest common factor of d and 23.
23
Suppose 27 = 3*x - 24. Let p = 9 - -25. What is the highest common factor of x and p?
17
Let v be (2/(-7))/(12/(-105))*18. What is the greatest common divisor of 117 and v?
9
Let s = 1099 + -1249. Let m(b) = -62*b**3 - b**2 + 2*b - 1. Let y be m(1). Let i = y - s. What is the greatest common divisor of i and 11?
11
Suppose -4*g - 11 = -7, u = -4*g + 140. Calculate the greatest common divisor of 270 and u.
18
Let o(l) = 2*l + 1. Let x be o(1). Let c be x*2*(-1 + 4). What is the highest common divisor of 144 and c?
18
Suppose o + o = 3*m + 2, -2*m = 0. Suppose 5*c - 9 = t - 7, -2*t + 7 = c. What is the greatest common divisor of o and c?
1
Let s = 88 - 58. Let a be 2185/75 + (-4)/s. Let y = -15 + 189. Calculate the greatest common divisor of y and a.
29
Let t be (-4)/(-24)*3*-2. Let y be (-102)/4 + t/2. Let r = y - -107. What is the greatest common divisor of r and 9?
9
Suppose 135 = 3*z + 2*b, -29 - 16 = -z + 4*b. Calculate the greatest common divisor of 60 and z.
15
Let f(j) = 11*j + 6. Let q(u) = -u**2 - 3*u + 1. Let s be q(2). Let d = 15 + s. Let r be f(d). Calculate the greatest common factor of 8 and r.
8
Let n be 129*4/6 - (-9 + 5). Let j be 2082/n - 4/30. What is the highest common divisor of 23 and j?
23
Let n = 1581 + -1559. Calculate the highest common divisor of 2 and n.
2
Let p be (904284/(-120))/(-27) - (-2)/(-20). What is the greatest common factor of 9 and p?
9
Let i be 15/(-2)*(-2 - 0). Let h be (-14)/(-4) + 6/(-4). Suppose 6*d - 3*b - 516 = d, -99 = -d + h*b. What is the highest common divisor of d and i?
15
Let s be (0 - -23)/(112/20496). What is the greatest common divisor of s and 61?
61
Let l(v) = -v**2 - 17*v - 17. Let m(g) = g**2 + 17*g - 8. Let h be m(-17). Let x be l(h). Calculate the greatest common factor of 22 and x.
11
Suppose 7*t = 3*f + 5*t - 191, 3*f + t = 179. What is the greatest common factor of f and 488?
61
Let w be (-8 - -13) + -10 + 8. Calculate the highest common divisor of w and 87.
3
Let t(x) = 11*x**3 + x**2 - 2*x - 1. Let q be t(2). Let b = -52 + q. Let w = 8 + -3. What is the greatest common divisor of b and w?
5
Let s = 307 + -199. Let v = 165 - 111. Suppose -d = d - v. Calculate the greatest common divisor of s and d.
27
Let f = -71 + 97. Let c be 3 + 0 + 3*f. Calculate the greatest common factor of c and 18.
9
Let r(t) = -9*t - 106. Let y be r(-13). Calculate the greatest common divisor of 143 and y.
11
Let g(r) = 27*r + 1265. Let q be g(-46). Let z be 253 + 2 + -1*2. Calculate the greatest common factor of z and q.
23
Let h = 475 + -431. Calculate the highest common divisor of 22 and h.
22
Let w = -442 - -469. What is the greatest common divisor of w and 351?
27
Suppose -4*d = 3*y - 170, 2*y + d - 76 = 34. What is the greatest common factor of 513 and y?
27
Let s = -55 + 145. What is the greatest common factor of 36 and s?
18
Let c be -2 + (5/25)/(9/315). What is the greatest common factor of c and 23?
1
Let i be ((-1)/1)/(6/36). Let x be 13/1 + 0 - 0/i. Calculate the highest common divisor of 13 and x.
13
Let b be (88/(-33))/(85/90 + -1). Calculate the greatest common factor of b and 408.
24
Let l(c) = -c**3 + 10*c**2 + 10*c - 2. Let v be l(10). Let m = -9 + 85. Suppose 4*t - m = -20. What is the greatest common divisor of v and t?
14
Suppose -4*h + 32 = -8. Let d(j) = 8*j - 10. Let n be d(h). Calculate the highest common factor of 14 and n.
14
Let n be (-5)/20*-82 + 12/(-24). Let g(f) = 3*f**2 + f - 2*f**3 + 0*f**2 - 5*f**2 - 1. Let q be g(-2). What is the highest common factor of q and n?
5
Let w be -4*(0 - 129/6). Suppose -2*d - d = -2*x - 161, 4*x = -2*d + w. Calculate the highest common factor of 17 and d.
17
Let h(t) be the first derivative of -t**4/4 + 3*t**3 + 11*t**2/2 + 12*t - 11. Let w be h(10). Calculate the greatest common divisor of w and 11.
11
Suppose -5*m = -2*z, 5*m - 3*z + 0*z + 5 = 0. Let p be (m - (3 - 2))*2. Let a be ((-28)/p)/(2/(-10)). What is the greatest common factor of a and 10?
10
Suppose 1289 = 48*g - 2167. What is the highest common factor of 774 and g?
18
Let n be (-3)/(-5) + 81/15. Let y be (-35 - 0)*n/(-7). What is the greatest common factor of y and 6?
6
Let a(t) = -2*t**2 + 22. Let x(u) = -u**2 - 7*u - 10. Let o be x(-5). Let n be a(o). Calculate the greatest common divisor of n and 2.
2
Let q = 53 + -35. Let s = 92 + -47. Calculate the highest common divisor of q and s.
9
Let j = -151 + 196. What is the greatest common factor of 45 and j?
45
Let a = 466 - 434. Wha